{"id":44,"date":"2022-08-02T20:49:25","date_gmt":"2022-08-02T17:49:25","guid":{"rendered":"https:\/\/tepish.net\/blendertek\/?page_id=44"},"modified":"2022-08-02T20:57:12","modified_gmt":"2022-08-02T17:57:12","slug":"mika-on-blender","status":"publish","type":"page","link":"https:\/\/tepish.net\/blendertek\/index.php\/mika-on-blender\/","title":{"rendered":"Mik\u00e4 on Blender?"},"content":{"rendered":"\t\t<div data-elementor-type=\"wp-page\" data-elementor-id=\"44\" class=\"elementor elementor-44\">\n\t\t\t\t\t\t\t\t\t<section class=\"elementor-section elementor-top-section elementor-element elementor-element-d3b69c1 elementor-section-boxed elementor-section-height-default elementor-section-height-default\" data-id=\"d3b69c1\" data-element_type=\"section\">\n\t\t\t\t\t\t<div class=\"elementor-container elementor-column-gap-default\">\n\t\t\t\t\t<div class=\"elementor-column elementor-col-100 elementor-top-column elementor-element elementor-element-57cd09b\" data-id=\"57cd09b\" data-element_type=\"column\">\n\t\t\t<div class=\"elementor-widget-wrap elementor-element-populated\">\n\t\t\t\t\t\t\t\t<div class=\"elementor-element elementor-element-204cbc3 elementor-widget elementor-widget-text-editor\" data-id=\"204cbc3\" data-element_type=\"widget\" data-widget_type=\"text-editor.default\">\n\t\t\t\t<div class=\"elementor-widget-container\">\n\t\t\t<style>\/*! elementor - v3.10.2 - 29-01-2023 *\/\n.elementor-widget-text-editor.elementor-drop-cap-view-stacked .elementor-drop-cap{background-color:#818a91;color:#fff}.elementor-widget-text-editor.elementor-drop-cap-view-framed .elementor-drop-cap{color:#818a91;border:3px solid;background-color:transparent}.elementor-widget-text-editor:not(.elementor-drop-cap-view-default) .elementor-drop-cap{margin-top:8px}.elementor-widget-text-editor:not(.elementor-drop-cap-view-default) .elementor-drop-cap-letter{width:1em;height:1em}.elementor-widget-text-editor .elementor-drop-cap{float:left;text-align:center;line-height:1;font-size:50px}.elementor-widget-text-editor .elementor-drop-cap-letter{display:inline-block}<\/style>\t\t\t\t<div class=\"ipWidget ipWidget-Heading ipSkin-default\"><h1 class=\"_title\">Blender 3D<\/h1><\/div><div class=\"ipWidget ipWidget-Text ipSkin-default\"><div class=\"ipsContainer\"><p><a href=\"http:\/\/www.blender.org\/\">http:\/\/www.blender.org\/<\/a><\/p><p>Blender on ilmaiseksi jaossa oleva 3D-grafiikan tuotto ohjelma, jossa on sis\u00e4\u00e4nrakennettu tuki Python ohjelmointi kielelle, sek\u00e4 fysiikka mallinnos,<br \/>joka mahdollistaa yksinkertaisen pelinteon ilman ohjelmointia (nyky\u00e4\u00e4n erillisen\u00e4 UPBGE jakeluversiona). Lis\u00e4ksi Blenderiss\u00e4 on sis\u00e4\u00e4n rakennettu video editori. Blenderiss\u00e4 l\u00f6ytyy siis v\u00e4h\u00e4n kaikki mit\u00e4 voisi ajatella 3D grafiikka ohjelmassa olevan ja hiukan enemm\u00e4nkin.<\/p><\/div><\/div><div class=\"ipWidget ipWidget-Image ipSkin-default\"><a class=\"cboxElement\" title=\"\" href=\"https:\/\/tepish.net\/Blender\/file\/2015\/06\/22\/blend_1.jpg\" rel=\"lightbox\" data-description=\"\"><img class=\"ipsImage\" title=\"\" src=\"https:\/\/tepish.net\/Blender\/file\/2015\/06\/22\/blend.png\" alt=\"\" \/><\/a><\/div><div class=\"ipWidget ipWidget-Text ipSkin-default\"><div class=\"ipsContainer\"><p>Oheisessa yl\u00e4kuvassa n\u00e4kee Blenderin oletus ruudun (versio 2.63 yll\u00e4 2.72 alla), jota voi muokata itse n\u00e4k\u00f6isekseen (mm jakamalla ruudun eri kuvakulmiin\/tarkoituksiin kuten alakuvassa n\u00e4kyy).<\/p><\/div><\/div><div class=\"ipWidget ipWidget-Image ipSkin-default\"><a class=\"cboxElement\" title=\"\" href=\"https:\/\/tepish.net\/Blender\/file\/2015\/06\/22\/Blender_2_72_1.png\" rel=\"lightbox\" data-description=\"\"><img class=\"ipsImage\" title=\"\" src=\"https:\/\/tepish.net\/Blender\/file\/2015\/06\/22\/Blender_2_72_2.png\" alt=\"\" \/><\/a><\/div><div class=\"ipWidget ipWidget-Text ipSkin-default\"><div class=\"ipsContainer\"><p>Yll\u00e4 olevassa kuvassa on p\u00e4\u00e4ll\u00e4 Blender render tila. Itse olen jo hyv\u00e4n aikaa k\u00e4ytt\u00e4nyt Cycles render tilaa, jossa n\u00e4ytt\u00e4vien juttujen teko on yksinkertaisempaa kuin Blender renderill\u00e4. 2022 cycles on vaihtunut enemm\u00e4n eevee render\u00f6inti tilaan.<\/p><p>T\u00e4st\u00e4 sitten voidaan tulla lopputulemana vaikkapa t\u00e4ll\u00e4iseen.<\/p><\/div><\/div>\t\t\t\t\t\t<\/div>\n\t\t\t\t<\/div>\n\t\t\t\t<div class=\"elementor-element elementor-element-9a9497b elementor-widget elementor-widget-image\" data-id=\"9a9497b\" data-element_type=\"widget\" data-widget_type=\"image.default\">\n\t\t\t\t<div class=\"elementor-widget-container\">\n\t\t\t<style>\/*! elementor - v3.10.2 - 29-01-2023 *\/\n.elementor-widget-image{text-align:center}.elementor-widget-image a{display:inline-block}.elementor-widget-image a img[src$=\".svg\"]{width:48px}.elementor-widget-image img{vertical-align:middle;display:inline-block}<\/style>\t\t\t\t\t\t\t\t\t<figure class=\"wp-caption\">\n\t\t\t\t\t\t\t\t\t\t<img width=\"1024\" height=\"576\" src=\"https:\/\/tepish.net\/blendertek\/wp-content\/uploads\/2022\/08\/kitara-1024x576.jpg\" class=\"attachment-large size-large wp-image-46\" alt=\"\" loading=\"lazy\" srcset=\"https:\/\/tepish.net\/blendertek\/wp-content\/uploads\/2022\/08\/kitara-1024x576.jpg 1024w, https:\/\/tepish.net\/blendertek\/wp-content\/uploads\/2022\/08\/kitara-300x169.jpg 300w, https:\/\/tepish.net\/blendertek\/wp-content\/uploads\/2022\/08\/kitara-768x432.jpg 768w, https:\/\/tepish.net\/blendertek\/wp-content\/uploads\/2022\/08\/kitara-1536x864.jpg 1536w, https:\/\/tepish.net\/blendertek\/wp-content\/uploads\/2022\/08\/kitara.jpg 1920w\" sizes=\"(max-width: 1024px) 100vw, 1024px\" \/>\t\t\t\t\t\t\t\t\t\t\t<figcaption class=\"widget-image-caption wp-caption-text\">Kitara on Blender 3.2 versiolla tehty 2022<\/figcaption>\n\t\t\t\t\t\t\t\t\t\t<\/figure>\n\t\t\t\t\t\t\t\t\t<\/div>\n\t\t\t\t<\/div>\n\t\t\t\t\t<\/div>\n\t\t<\/div>\n\t\t\t\t\t\t\t<\/div>\n\t\t<\/section>\n\t\t\t\t\t\t\t<\/div>\n\t\t","protected":false},"excerpt":{"rendered":"<p>Blender 3D http:\/\/www.blender.org\/ Blender on ilmaiseksi jaossa oleva 3D-grafiikan tuotto ohjelma, jossa on sis\u00e4\u00e4nrakennettu tuki Python ohjelmointi kielelle, sek\u00e4 fysiikka mallinnos,joka mahdollistaa yksinkertaisen pelinteon ilman ohjelmointia (nyky\u00e4\u00e4n erillisen\u00e4 UPBGE jakeluversiona). Lis\u00e4ksi Blenderiss\u00e4 on sis\u00e4\u00e4n rakennettu video editori. Blenderiss\u00e4 l\u00f6ytyy siis v\u00e4h\u00e4n kaikki mit\u00e4 voisi ajatella 3D grafiikka ohjelmassa olevan ja hiukan enemm\u00e4nkin. Oheisessa yl\u00e4kuvassa n\u00e4kee<\/p>\n<p><a href=\"https:\/\/tepish.net\/blendertek\/index.php\/mika-on-blender\/\" class=\"more-link themebutton\">Read More<\/a><\/p>\n","protected":false},"author":1,"featured_media":0,"parent":0,"menu_order":0,"comment_status":"closed","ping_status":"closed","template":"","meta":{"ngg_post_thumbnail":0},"_links":{"self":[{"href":"https:\/\/tepish.net\/blendertek\/index.php\/wp-json\/wp\/v2\/pages\/44"}],"collection":[{"href":"https:\/\/tepish.net\/blendertek\/index.php\/wp-json\/wp\/v2\/pages"}],"about":[{"href":"https:\/\/tepish.net\/blendertek\/index.php\/wp-json\/wp\/v2\/types\/page"}],"author":[{"embeddable":true,"href":"https:\/\/tepish.net\/blendertek\/index.php\/wp-json\/wp\/v2\/users\/1"}],"replies":[{"embeddable":true,"href":"https:\/\/tepish.net\/blendertek\/index.php\/wp-json\/wp\/v2\/comments?post=44"}],"version-history":[{"count":4,"href":"https:\/\/tepish.net\/blendertek\/index.php\/wp-json\/wp\/v2\/pages\/44\/revisions"}],"predecessor-version":[{"id":49,"href":"https:\/\/tepish.net\/blendertek\/index.php\/wp-json\/wp\/v2\/pages\/44\/revisions\/49"}],"wp:attachment":[{"href":"https:\/\/tepish.net\/blendertek\/index.php\/wp-json\/wp\/v2\/media?parent=44"}],"curies":[{"name":"wp","href":"https:\/\/api.w.org\/{rel}","templated":true}]}}